be the third derivative of -1/12*c**4 + 0 + 0*c + c**2 + 1/6*c**3. Suppose -2*b - 3*b = 5. Calculate j(b).
3
Let s(i) be the first derivative of i**2/2 + 10*i - 9. Give s(-7).
3
Let h = -1 - -3. Let j(n) = 5*n + 2. Determine j(h).
12
Suppose r - 2 = 0, 0*v = -3*v - 4*r + 17. Suppose 5*k - 2 = v. Let s(w) = w - 1. Calculate s(k).
0
Let s(i) be the first derivative of i**4/4 + i**3/3 - i**2 - i + 31. Suppose 0 = z + 3*p + 10, 2*z = -z - p + 10. Suppose -3*b + 2 = z. Calculate s(b).
1
Let b(c) be the first derivative of c**2/2 + 2*c + 11. What is b(-5)?
-3
Suppose 4*o + 6 = -5*f, -2*f = 3*o - 8*o + 9. Let w(i) = 13*i - 1. What is w(o)?
12
Let d(k) = -5*k + k**3 - k + 5*k**2 + 6*k + k. Calculate d(-5).
-5
Let n = -49 + 52. Let z(q) = q**2 - q - 1. Determine z(n).
5
Let c(a) be the first derivative of 3/2*a**2 - 1/3*a**3 + 4*a - 1. Calculate c(5).
-6
Let v(s) = -s**2 - s + 1. Let c(x) = -11*x + 5 + 7*x + 0 - 6*x**2. Let p be (-11)/(-3) + 2/6. Let j(n) = p*v(n) - c(n). Calculate j(2).
7
Let f(p) be the first derivative of -2 - 1/2*p**2 + 7*p + 1/4*p**4 + 0*p**3. What is f(0)?
7
Suppose 3*j = 3*o - 22 + 7, -5*j - 5 = 0. Suppose 3*v + 2 = o*d - 3*d, -3*d + 14 = -v. Let f(u) = u**3 - 4*u**2 - 6*u + 1. Calculate f(d).
-4
Let w(q) be the second derivative of -q**3/6 - 6*q**2 + 2*q. Let c(g) = -g**3 - g**2 - g - 12. Let v be c(0). Let m be w(v). Let y(i) = i - 8. Give y(m).
-8
Suppose 0 = -5*q - 3*t + 8 + 6, -5*q - 2*t = -11. Let p(k) = -12*k**3 - k**2 + k - 1. Determine p(q).
-13
Let s be 3/9*(-2 - -2). Let x(k) = -k**3 - k**2 - k + 5. Give x(s).
5
Let y(t) = -t - 2. Let h be y(-5). Let q(d) = 0*d**h - 6*d + 4*d - d**3 + 5*d**2 - d. Let o be (1 - (-1 - 0))*2. Determine q(o).
4
Let v(a) be the first derivative of -3*a - 1/2*a**2 - 3. What is v(-3)?
0
Let t = -120 + 114. Let a(h) = 2*h + 6. What is a(t)?
-6
Suppose -3 = j + 3*s, 0*j + 4*j + 26 = 2*s. Let u(v) = -v**3 - 5*v**2 + 6*v + 9. What is u(j)?
9
Suppose 4*m - 8 = 4. Suppose -m - 3 = -3*j. Let q(c) = -c**2 - 2*c + 1. What is q(j)?
-7
Let s(m) = -m**2 + m - 9. Let c be s(0). Let w = c - -11. Let d(t) = -6*t - w*t**2 + 0 + 2 + 3*t**2 + 1. Determine d(5).
-2
Let h = 3 + -5. Let x = 5 + -3. Let s(j) = 5*j + 2 + 0*j - 2*j + j**x. Determine s(h).
0
Suppose -2*l = 4*r + 14, 8 = -4*l - 6*r + 3*r. Let p(q) be the first derivative of 13 + 0*q - 1/3*q**3 + 1/2*q**2 - 2*q**4. Calculate p(l).
-8
Let a(m) = m**2 + 7*m + 2. Let s = 15 + -13. Suppose s*d - 15 = 5*p, -5 + 15 = -d - p. Calculate a(d).
-8
Suppose 0*h + 6*h - 30 = 0. Let k(y) = -y**2 - 3*y - 5. Let a(q) = -5*q**2 - 12*q - 19. Let o(u) = 2*a(u) - 9*k(u). Give o(h).
-3
Let p(v) be the second derivative of v**5/20 - v**4/2 + 2*v**2 + v. Determine p(6).
4
Let m be 8/24 + 8/3. Let w(b) = -b**2 - 5*b + 1. Let t be w(-5). Let v(o) = m + 0 - 5 + t + o. What is v(2)?
1
Let a(h) = -2*h - 2. Let f be (8/(-12))/(1/(-6)). Determine a(f).
-10
Let r(c) = -5*c + 4*c + 11 - 4. Give r(6).
1
Let b(s) be the first derivative of s**3/3 - 9*s**2/2 - 8*s + 1. Determine b(9).
-8
Let v(j) be the second derivative of 0*j**5 + 0*j**2 + 0 + 1/24*j**4 - 2*j + 1/3*j**3 - 7/360*j**6. Let k(d) be the second derivative of v(d). What is k(1)?
-6
Let y(j) be the second derivative of -j**3/6 + 3*j**2/2 - 6*j. Give y(-3).
6
Let k(t) be the first derivative of -t**2/2 - 5*t - 9. Let c be k(-9). Let a(l) = -l**2 + 6*l + 1. Determine a(c).
9
Suppose 2*u = 9 - 21. Let t(s) = 2*s. Give t(u).
-12
Let l(t) be the third derivative of 0*t + 0 + 7/6*t**3 + 3*t**2 - 5/24*t**4. Let y(o) = o - 1. Let k(h) = -l(h) - 6*y(h). What is k(-5)?
4
Let p(i) = i - 6. Let r be p(5). Let u(g) = -1 + 0 - 8*g + 0. Determine u(r).
7
Let y be (0 - (-2 + -1)) + -3. Let n(o) = o**3 + o + 1. Calculate n(y).
1
Let n = -3 + 5. Let m(z) = -3*z + 5*z - n*z**2 + z**2 - 1. Determine m(2).
-1
Suppose -5 = -5*i + 5. Let p be (i/(-2))/((-1)/5). Suppose -k + p*k - 4 = 0. Let z(x) = -2*x**2 + 1. Calculate z(k).
-1
Let t(q) = -2 + 18*q**3 + 5*q**2 + 23*q**3 - 40*q**3 - 3*q**2. Determine t(-2).
-2
Let d(v) = -2*v**2 + v + 10. Let y(i) = -i**2 + 6. Let c(u) = -6*d(u) + 11*y(u). Calculate c(7).
13
Let k(z) be the third derivative of z**6/80 + z**5/120 + z**4/24 - 4*z**2. Let s(p) be the second derivative of k(p). Determine s(-1).
-8
Let a(v) = -10*v**2 - v + 8. Let c(z) = 9*z**2 + z - 7. Let t(s) = 5*a(s) + 6*c(s). Give t(-2).
12
Let a(r) be the third derivative of -r**5/60 + r**4/24 - r**2. Let y(t) = -3*t**2 + t. Let g be y(1). Let n = 1 - g. Determine a(n).
-6
Let f = -73 + 75. Let h(n) = -n**2 + 3*n + 2. Calculate h(f).
4
Let l(p) be the third derivative of -p**4/24 - p**3/6 + 2*p**2. Let c be (-1 - (-2)/4)*-2. Give l(c).
-2
Let d(j) be the third derivative of j**6/360 - j**5/30 - j**4/6 - j**3 + j**2. Let m(a) be the first derivative of d(a). What is m(6)?
8
Suppose -c - 23 = -2*m - 2*c, -2*m + 5*c = -5. Let o(f) = -m*f + 6*f + 0 + 1. Let z be o(-1). Let p(y) = -y. Give p(z).
-5
Suppose 0 = 2*v + 2, 3*y = y - 2*v - 8. Suppose 2*a + a - 9 = 0. Let g(z) = 1 + 2*z**2 + 0*z + 0*z**3 + z**3 - z + 0*z**a. What is g(y)?
-5
Let b(u) = -u**2 - 3*u + 7. Let c(k) = 1. Let x(m) = -b(m) + 3*c(m). Calculate x(3).
14
Let t(x) = 3*x**3 - 3*x**2 - 7*x + 3. Let j(i) = 7*i**3 - 7*i**2 - 15*i + 7. Let z(n) = 2*j(n) - 5*t(n). What is z(4)?
-29
Suppose -g = -0*g. Suppose g = -5*l + 20 - 0. Let k(b) = -2*b + b + 4*b + l - 2*b. Calculate k(-6).
-2
Let b = 2 + -6. Let x(k) = 14*k**3 + 29*k**2 + 4*k + 12. Let u(i) = 5*i**3 + 10*i**2 + i + 4. Let q(w) = b*x(w) + 11*u(w). What is q(-5)?
-4
Let o(u) be the first derivative of u**2 - 6*u - 9. Determine o(-6).
-18
Suppose -3*q + 12 = 3. Let x(n) = 1 + 0*n**2 + 2 - n**q + 4*n**2 - 4*n - 2*n**2. What is x(2)?
-5
Let w(d) = -d - 2. Let m(z) = z**3 + 6*z**2 + 4*z + 2. Let x be m(-5). Let c = -4 - -2. Let a be c*(-2 + x/2). What is w(a)?
1
Let z = -5 - -7. Let r(p) = p - 4. Let h(a) = -a + 5. Let j(x) = -3*h(x) - 4*r(x). Calculate j(z).
-1
Let m(h) = -h**2 - h + 2. Let l(d) = 1 + 0 + d + 2 - 5. Let j be l(0). Calculate m(j).
0
Let g be (-4)/2 - (-4)/1. Let j(v) = 3 + v**3 + 6*v - 4*v - 5*v - 2*v**3. Give j(g).
-11
Let w be (-2)/(-6)*-9 - -8. Let y(g) be the third derivative of g**4/8 - 5*g**3/6 - g**2. Give y(w).
10
Let r(d) = d**2 - 6*d - 5. Suppose 4*o = -4*n + 28, 9 = 4*n - o - 19. Determine r(n).
2
Let j = 5 - 2. Let f(g) = 2*g**2 - 2*g + g**j + 2*g**2 - 6 - 5*g. Determine f(-5).
4
Let a(x) be the second derivative of 3*x + 1/6*x**3 + 0 - 3/2*x**2. Let h be (-5)/(-10) - (-5)/2. Determine a(h).
0
Let j(b) = -b**2 - 19*b - 24. Let q be j(-18). Let n(x) = x**3 + 6*x**2 + 2*x + 4. Calculate n(q).
-8
Let n(x) = 4*x**2 - 26*x - 32*x - 2*x**3 + 55*x. Determine n(2).
-6
Let t(f) = -2 + 4*f + 11*f**2 - 4*f**2 - 9*f**2. Give t(3).
-8
Let x(g) be the second derivative of g**3/6 + 3*g**2/2 - 2*g. Let k(c) = -c - 2. Let s(q) = -4*k(q) - 5*x(q). Calculate s(-5).
-2
Suppose -4*z + 5*z = 3. Let q(c) = -4*c**2 + 49 - 4*c - c**z + 3*c - 47. Calculate q(-3).
-4
Let c(b) = -3*b + 3. Let t be c(2). Let x(o) = -o**3 - 4*o**2 + 3*o + 2. Give x(t).
-16
Let d(f) = f - 7. Let b = 26 + -26. Determine d(b).
-7
Suppose 2 = v + 2*i, -10 = -4*i - i. Let z(j) = j**3 + 3*j**2 + 2*j - 1. What is z(v)?
-1
Let o(w) = -15 - 7*w + 6*w + 6. Calculate o(-7).
-2
Let n = 54 - 60. Let v(l) = -l - 8. Calculate v(n).
-2
Let n(i) = -3*i + 9. Let g(f) = -f**3 - 9*f**2 - 10*f - 9. Let t be g(-8). Determine n(t).
-12
Let m(z) = 7*z + 7. Let j(n) = 3*n + 3. Let o(y) = -9*j(y) + 4*m(y). Calculate o(-3).
-2
Let s(x) = 475*x**2 + 474*x**2 - 944*x**2. Suppose 0 = -5*n - 0*n + f - 20, 3*n - 11 = -4*f. Let v = n - -4. What is s(v)?
5
Let d(n) = -3*n**2 + 7*n - 3. Let t(i) = -4*i**2 + 8*i - 4. Let u(j) = 5*d(j) - 4*t(j). Determine u(-3).
1
Let c = -23 + 11. Let k = -1 - c. Suppose -2*y - x = -1 + k, -4*y + 8 = -5*x. Let z(u) = -u**2 - 2*u + 4. What is z(y)?
1
Let n = 9 + -3. Let y(o) be the second derivative of -o**3/3 + 2*o**2 - 10*o. Calculate y(n).
-8
Let p(q) = -q**2 - 4*q + 4. Suppose k + 20 = 14. What is p(k)?
-8
Let f(l) = -l**2 - 6*l - 2. Suppose -1 = 3*s + 5. Let a be 4/(-4) - 8/s. Suppose 0 = a*t + 5 + 7. Give f(t).
6
Let w(u) = u**2 - 3*u + 4. Let l be -15*4/(-18) - (-30)/45. Give w(l).
8
Let h(b) = b**2 + 3*b + 1. Let m be h(-4). Suppose 5*s - 4 = 6. 